{"id":19,"date":"2025-12-02T14:12:34","date_gmt":"2025-12-02T14:12:34","guid":{"rendered":"https:\/\/doacoes.institutosantopet.org.br\/?page_id=19"},"modified":"2025-12-03T14:17:33","modified_gmt":"2025-12-03T14:17:33","slug":"elementor-19","status":"publish","type":"page","link":"https:\/\/doacoes.institutosantopet.org.br\/","title":{"rendered":"Doe para o Instituto Santo Pet"},"content":{"rendered":"\t\t<div data-elementor-type=\"wp-page\" data-elementor-id=\"19\" class=\"elementor elementor-19\">\n\t\t\t\t<div class=\"elementor-element elementor-element-b4df636 e-flex e-con-boxed e-con e-parent\" data-id=\"b4df636\" data-element_type=\"container\" data-settings=\"{&quot;background_background&quot;:&quot;classic&quot;}\">\n\t\t\t\t\t<div class=\"e-con-inner\">\n\t\t<div class=\"elementor-element elementor-element-280ac87 e-con-full e-flex e-con e-child\" data-id=\"280ac87\" data-element_type=\"container\">\n\t\t\t\t<div class=\"elementor-element elementor-element-31c9b46 elementor-hidden-mobile elementor-widget elementor-widget-image\" data-id=\"31c9b46\" data-element_type=\"widget\" data-widget_type=\"image.default\">\n\t\t\t\t<div class=\"elementor-widget-container\">\n\t\t\t\t\t\t\t\t\t\t\t\t\t\t\t<img decoding=\"async\" src=\"https:\/\/doacoes.institutosantopet.org.br\/wp-content\/uploads\/elementor\/thumbs\/Design-sem-nome-75-rfkgg4l08u92hmfz3dw0oqy8x8aw7dxo420j6cxz66.png\" title=\"Design-sem-nome-75\" alt=\"Design-sem-nome-75\" loading=\"lazy\" \/>\t\t\t\t\t\t\t\t\t\t\t\t\t\t\t<\/div>\n\t\t\t\t<\/div>\n\t\t\t\t<div class=\"elementor-element elementor-element-1c3e1d8 elementor-widget elementor-widget-heading\" data-id=\"1c3e1d8\" data-element_type=\"widget\" data-widget_type=\"heading.default\">\n\t\t\t\t<div class=\"elementor-widget-container\">\n\t\t\t\t\t<h2 class=\"elementor-heading-title elementor-size-default\">Campanha Sacolinha de Natal dos Santinhos<\/h2>\t\t\t\t<\/div>\n\t\t\t\t<\/div>\n\t\t\t\t<div class=\"elementor-element elementor-element-6213d76 elementor-widget elementor-widget-heading\" data-id=\"6213d76\" data-element_type=\"widget\" data-widget_type=\"heading.default\">\n\t\t\t\t<div class=\"elementor-widget-container\">\n\t\t\t\t\t<p class=\"elementor-heading-title elementor-size-default\">Fa\u00e7a sua doa\u00e7\u00e3o ao Instituto Santo Pet e nos ajude a manter o atendimento aos nossos santinhos<\/p>\t\t\t\t<\/div>\n\t\t\t\t<\/div>\n\t\t\t\t<div class=\"elementor-element elementor-element-c72600c elementor-align-justify elementor-mobile-align-center elementor-widget elementor-widget-button\" data-id=\"c72600c\" data-element_type=\"widget\" data-widget_type=\"button.default\">\n\t\t\t\t<div class=\"elementor-widget-container\">\n\t\t\t\t\t\t\t\t\t<div class=\"elementor-button-wrapper\">\n\t\t\t\t\t<a class=\"elementor-button elementor-button-link elementor-size-sm\" href=\"#doaca\">\n\t\t\t\t\t\t<span class=\"elementor-button-content-wrapper\">\n\t\t\t\t\t\t\t\t\t<span class=\"elementor-button-text\">Fazer minha doa\u00e7\u00e3o<\/span>\n\t\t\t\t\t<\/span>\n\t\t\t\t\t<\/a>\n\t\t\t\t<\/div>\n\t\t\t\t\t\t\t\t<\/div>\n\t\t\t\t<\/div>\n\t\t\t\t<\/div>\n\t\t<div class=\"elementor-element elementor-element-486f1ba e-con-full e-flex e-con e-child\" data-id=\"486f1ba\" data-element_type=\"container\">\n\t\t\t\t<\/div>\n\t\t\t\t\t<\/div>\n\t\t\t\t<\/div>\n\t\t<div class=\"elementor-element elementor-element-f90ac9a e-flex e-con-boxed e-con e-parent\" data-id=\"f90ac9a\" data-element_type=\"container\">\n\t\t\t\t\t<div class=\"e-con-inner\">\n\t\t\t\t<div class=\"elementor-element elementor-element-57a8cbc elementor-widget elementor-widget-heading\" data-id=\"57a8cbc\" data-element_type=\"widget\" data-widget_type=\"heading.default\">\n\t\t\t\t<div class=\"elementor-widget-container\">\n\t\t\t\t\t<h2 class=\"elementor-heading-title elementor-size-default\">Carta aos amigos do Instituto Santo Pet<\/h2>\t\t\t\t<\/div>\n\t\t\t\t<\/div>\n\t\t\t\t<div class=\"elementor-element elementor-element-25bf85d elementor-widget elementor-widget-heading\" data-id=\"25bf85d\" data-element_type=\"widget\" data-widget_type=\"heading.default\">\n\t\t\t\t<div class=\"elementor-widget-container\">\n\t\t\t\t\t<p class=\"elementor-heading-title elementor-size-default\">2025 foi, sem d\u00favida, o ano mais dif\u00edcil da nossa hist\u00f3ria. <br><br>\nE n\u00e3o s\u00f3 pra gente\u2026 sabemos que o pa\u00eds inteiro passou por momentos muito apertados.<br><br>\nPor causa disso, perdemos muitas ajudas importantes \u2014 e cada contribui\u00e7\u00e3o que deixou de vir fez muita falta para manter nossos santinhos seguros, alimentados e protegidos.<br><br>\n\nE agora vem janeiro\u2026 aquele m\u00eas que j\u00e1 \u00e9 apertado pra todo mundo.\nMas, pra n\u00f3s, \u00e9 o m\u00eas em que o abrigo mais sente.<br><br>\n\u00c9 quando o estoque de ra\u00e7\u00e3o acaba, quando as d\u00edvidas de veterin\u00e1rio apertam, quando o que j\u00e1 era dif\u00edcil vira urgente.\n<br><br>\nPor isso, hoje, precisamos de voc\u00ea.<br><br>\n<b>De verdade.<\/b><br><br>\nA sua ajuda \u00e9 a \u00fanica maneira de continuarmos existindo para eles.\n<br><br>\nEstamos lan\u00e7ando a Campanha da Sacolinha de Natal dos Santinhos \ud83c\udf81\ud83d\udc36<br><br>\nCada sacolinha representa cuidado, alimenta\u00e7\u00e3o, medicamentos, banho, seguran\u00e7a\u2026 representa VIDA para cada um deles.\n<br><br>\nNo site, voc\u00ea vai encontrar os valores e poder\u00e1 escolher qual sacolinha doar.\nQualquer ajuda transforma o futuro de um santinho \u2014 e mant\u00e9m o abrigo funcionando.\n<br><br>\nCom voc\u00ea, a gente continua sendo abrigo.<br><br>Sem voc\u00ea, a gente n\u00e3o consegue.\n<br><br>\nOs santinhos contam com o seu carinho.\nE n\u00f3s tamb\u00e9m. \ud83d\udc3e\u2728<\/p>\t\t\t\t<\/div>\n\t\t\t\t<\/div>\n\t\t\t\t<div class=\"elementor-element elementor-element-41cd190 elementor-align-justify elementor-widget elementor-widget-button\" data-id=\"41cd190\" data-element_type=\"widget\" data-widget_type=\"button.default\">\n\t\t\t\t<div class=\"elementor-widget-container\">\n\t\t\t\t\t\t\t\t\t<div class=\"elementor-button-wrapper\">\n\t\t\t\t\t<a class=\"elementor-button elementor-button-link elementor-size-sm\" href=\"#doaca\">\n\t\t\t\t\t\t<span class=\"elementor-button-content-wrapper\">\n\t\t\t\t\t\t\t\t\t<span class=\"elementor-button-text\">Fazer minha doa\u00e7\u00e3o<\/span>\n\t\t\t\t\t<\/span>\n\t\t\t\t\t<\/a>\n\t\t\t\t<\/div>\n\t\t\t\t\t\t\t\t<\/div>\n\t\t\t\t<\/div>\n\t\t\t\t\t<\/div>\n\t\t\t\t<\/div>\n\t\t<div class=\"elementor-element elementor-element-6e993a9 e-flex e-con-boxed e-con e-parent\" data-id=\"6e993a9\" data-element_type=\"container\" data-settings=\"{&quot;background_background&quot;:&quot;classic&quot;}\">\n\t\t\t\t\t<div class=\"e-con-inner\">\n\t\t\t\t<div class=\"elementor-element elementor-element-36c3200 elementor-widget elementor-widget-menu-anchor\" data-id=\"36c3200\" data-element_type=\"widget\" data-widget_type=\"menu-anchor.default\">\n\t\t\t\t<div class=\"elementor-widget-container\">\n\t\t\t\t\t\t\t<div class=\"elementor-menu-anchor\" id=\"doaca\"><\/div>\n\t\t\t\t\t\t<\/div>\n\t\t\t\t<\/div>\n\t\t\t\t<div class=\"elementor-element elementor-element-be7bd3d elementor-widget__width-inherit elementor-widget elementor-widget-heading\" data-id=\"be7bd3d\" data-element_type=\"widget\" data-widget_type=\"heading.default\">\n\t\t\t\t<div class=\"elementor-widget-container\">\n\t\t\t\t\t<h2 class=\"elementor-heading-title elementor-size-default\">Escolha a sua op\u00e7\u00e3o de doa\u00e7\u00e3o:<\/h2>\t\t\t\t<\/div>\n\t\t\t\t<\/div>\n\t\t\t\t\t<\/div>\n\t\t\t\t<\/div>\n\t\t<div class=\"elementor-element elementor-element-219bd1c e-flex e-con-boxed e-con e-parent\" data-id=\"219bd1c\" data-element_type=\"container\" data-settings=\"{&quot;background_background&quot;:&quot;classic&quot;}\">\n\t\t\t\t\t<div class=\"e-con-inner\">\n\t\t<div class=\"elementor-element elementor-element-a571b42 e-con-full e-flex e-con e-child\" data-id=\"a571b42\" data-element_type=\"container\" data-settings=\"{&quot;background_background&quot;:&quot;gradient&quot;}\">\n\t\t\t\t<div class=\"elementor-element elementor-element-c8061a9 elementor-widget elementor-widget-image\" data-id=\"c8061a9\" data-element_type=\"widget\" data-widget_type=\"image.default\">\n\t\t\t\t<div class=\"elementor-widget-container\">\n\t\t\t\t\t\t\t\t\t\t\t\t\t\t\t<img decoding=\"async\" src=\"https:\/\/doacoes.institutosantopet.org.br\/wp-content\/uploads\/elementor\/thumbs\/WhatsApp-Image-2025-12-03-at-08.22.44-rfm75zqhekkjfnsbngct9pthg2nnyf0plhcxb2fyai.jpeg\" title=\"WhatsApp Image 2025-12-03 at 08.22.44\" alt=\"WhatsApp Image 2025-12-03 at 08.22.44\" loading=\"lazy\" \/>\t\t\t\t\t\t\t\t\t\t\t\t\t\t\t<\/div>\n\t\t\t\t<\/div>\n\t\t\t\t<div class=\"elementor-element elementor-element-575f147 elementor-widget elementor-widget-heading\" data-id=\"575f147\" data-element_type=\"widget\" data-widget_type=\"heading.default\">\n\t\t\t\t<div class=\"elementor-widget-container\">\n\t\t\t\t\t<h2 class=\"elementor-heading-title elementor-size-default\">Doe <br \/>R$ 150,00<\/h2>\t\t\t\t<\/div>\n\t\t\t\t<\/div>\n\t\t\t\t<div class=\"elementor-element elementor-element-89a2814 elementor-widget elementor-widget-heading\" data-id=\"89a2814\" data-element_type=\"widget\" data-widget_type=\"heading.default\">\n\t\t\t\t<div class=\"elementor-widget-container\">\n\t\t\t\t\t<h2 class=\"elementor-heading-title elementor-size-default\">Equivalente a um pacote de ra\u00e7\u00e3o<\/h2>\t\t\t\t<\/div>\n\t\t\t\t<\/div>\n\t\t\t\t<div class=\"elementor-element elementor-element-5a53478 elementor-widget elementor-widget-button\" data-id=\"5a53478\" data-element_type=\"widget\" data-widget_type=\"button.default\">\n\t\t\t\t<div class=\"elementor-widget-container\">\n\t\t\t\t\t\t\t\t\t<div class=\"elementor-button-wrapper\">\n\t\t\t\t\t<a class=\"elementor-button elementor-button-link elementor-size-sm\" href=\"https:\/\/pag.ae\/7YmuMdxma\">\n\t\t\t\t\t\t<span class=\"elementor-button-content-wrapper\">\n\t\t\t\t\t\t\t\t\t<span class=\"elementor-button-text\">DOAR AGORA<\/span>\n\t\t\t\t\t<\/span>\n\t\t\t\t\t<\/a>\n\t\t\t\t<\/div>\n\t\t\t\t\t\t\t\t<\/div>\n\t\t\t\t<\/div>\n\t\t\t\t<\/div>\n\t\t<div class=\"elementor-element elementor-element-53d36cb e-con-full e-flex e-con e-child\" data-id=\"53d36cb\" data-element_type=\"container\" data-settings=\"{&quot;background_background&quot;:&quot;gradient&quot;}\">\n\t\t\t\t<div class=\"elementor-element elementor-element-dc0245a elementor-widget elementor-widget-image\" data-id=\"dc0245a\" data-element_type=\"widget\" data-widget_type=\"image.default\">\n\t\t\t\t<div class=\"elementor-widget-container\">\n\t\t\t\t\t\t\t\t\t\t\t\t\t\t\t<img decoding=\"async\" src=\"https:\/\/doacoes.institutosantopet.org.br\/wp-content\/uploads\/elementor\/thumbs\/WhatsApp-Image-2025-12-03-at-08.23.27-rfm76cw8292jy797im1l8mhxrgusy6gybahq0xwfmi.jpeg\" title=\"WhatsApp Image 2025-12-03 at 08.23.27\" alt=\"WhatsApp Image 2025-12-03 at 08.23.27\" loading=\"lazy\" \/>\t\t\t\t\t\t\t\t\t\t\t\t\t\t\t<\/div>\n\t\t\t\t<\/div>\n\t\t\t\t<div class=\"elementor-element elementor-element-5dc987a elementor-widget elementor-widget-heading\" data-id=\"5dc987a\" data-element_type=\"widget\" data-widget_type=\"heading.default\">\n\t\t\t\t<div class=\"elementor-widget-container\">\n\t\t\t\t\t<h2 class=\"elementor-heading-title elementor-size-default\">Doe <br \/>R$ 100,00<\/h2>\t\t\t\t<\/div>\n\t\t\t\t<\/div>\n\t\t\t\t<div class=\"elementor-element elementor-element-d81b222 elementor-widget elementor-widget-heading\" data-id=\"d81b222\" data-element_type=\"widget\" data-widget_type=\"heading.default\">\n\t\t\t\t<div class=\"elementor-widget-container\">\n\t\t\t\t\t<h2 class=\"elementor-heading-title elementor-size-default\">Equivalente a um pacote de tapete higi\u00eanico<\/h2>\t\t\t\t<\/div>\n\t\t\t\t<\/div>\n\t\t\t\t<div class=\"elementor-element elementor-element-a7300e4 elementor-widget elementor-widget-button\" data-id=\"a7300e4\" data-element_type=\"widget\" data-widget_type=\"button.default\">\n\t\t\t\t<div class=\"elementor-widget-container\">\n\t\t\t\t\t\t\t\t\t<div class=\"elementor-button-wrapper\">\n\t\t\t\t\t<a class=\"elementor-button elementor-button-link elementor-size-sm\" href=\"https:\/\/pag.ae\/7YmuLudxM\">\n\t\t\t\t\t\t<span class=\"elementor-button-content-wrapper\">\n\t\t\t\t\t\t\t\t\t<span class=\"elementor-button-text\">DOAR AGORA<\/span>\n\t\t\t\t\t<\/span>\n\t\t\t\t\t<\/a>\n\t\t\t\t<\/div>\n\t\t\t\t\t\t\t\t<\/div>\n\t\t\t\t<\/div>\n\t\t\t\t<\/div>\n\t\t<div class=\"elementor-element elementor-element-30eaff9 e-con-full e-flex e-con e-child\" data-id=\"30eaff9\" data-element_type=\"container\" data-settings=\"{&quot;background_background&quot;:&quot;gradient&quot;}\">\n\t\t\t\t<div class=\"elementor-element elementor-element-a845ec7 elementor-widget elementor-widget-image\" data-id=\"a845ec7\" data-element_type=\"widget\" data-widget_type=\"image.default\">\n\t\t\t\t<div class=\"elementor-widget-container\">\n\t\t\t\t\t\t\t\t\t\t\t\t\t\t\t<img decoding=\"async\" src=\"https:\/\/doacoes.institutosantopet.org.br\/wp-content\/uploads\/elementor\/thumbs\/WhatsApp-Image-2025-12-03-at-08.24.21-rfm76malylff6avjzq3uxk4jpbkh35i9ol0ktpihxo.jpeg\" title=\"WhatsApp Image 2025-12-03 at 08.24.21\" alt=\"WhatsApp Image 2025-12-03 at 08.24.21\" loading=\"lazy\" \/>\t\t\t\t\t\t\t\t\t\t\t\t\t\t\t<\/div>\n\t\t\t\t<\/div>\n\t\t\t\t<div class=\"elementor-element elementor-element-f7619ad elementor-widget elementor-widget-heading\" data-id=\"f7619ad\" data-element_type=\"widget\" data-widget_type=\"heading.default\">\n\t\t\t\t<div class=\"elementor-widget-container\">\n\t\t\t\t\t<h2 class=\"elementor-heading-title elementor-size-default\">Doe <br \/>R$ 50,00<\/h2>\t\t\t\t<\/div>\n\t\t\t\t<\/div>\n\t\t\t\t<div class=\"elementor-element elementor-element-0974d43 elementor-widget elementor-widget-heading\" data-id=\"0974d43\" data-element_type=\"widget\" data-widget_type=\"heading.default\">\n\t\t\t\t<div class=\"elementor-widget-container\">\n\t\t\t\t\t<h2 class=\"elementor-heading-title elementor-size-default\">Equivalente a 5 latas de pat\u00ea<\/h2>\t\t\t\t<\/div>\n\t\t\t\t<\/div>\n\t\t\t\t<div class=\"elementor-element elementor-element-18d77a8 elementor-widget elementor-widget-button\" data-id=\"18d77a8\" data-element_type=\"widget\" data-widget_type=\"button.default\">\n\t\t\t\t<div class=\"elementor-widget-container\">\n\t\t\t\t\t\t\t\t\t<div class=\"elementor-button-wrapper\">\n\t\t\t\t\t<a class=\"elementor-button elementor-button-link elementor-size-sm\" href=\"https:\/\/pag.ae\/7YmuK-WEp\">\n\t\t\t\t\t\t<span class=\"elementor-button-content-wrapper\">\n\t\t\t\t\t\t\t\t\t<span class=\"elementor-button-text\">DOAR AGORA<\/span>\n\t\t\t\t\t<\/span>\n\t\t\t\t\t<\/a>\n\t\t\t\t<\/div>\n\t\t\t\t\t\t\t\t<\/div>\n\t\t\t\t<\/div>\n\t\t\t\t<\/div>\n\t\t\t\t\t<\/div>\n\t\t\t\t<\/div>\n\t\t<div class=\"elementor-element elementor-element-33831cf e-flex e-con-boxed e-con e-parent\" data-id=\"33831cf\" data-element_type=\"container\" data-settings=\"{&quot;background_background&quot;:&quot;classic&quot;}\">\n\t\t\t\t\t<div class=\"e-con-inner\">\n\t\t\t\t<div class=\"elementor-element elementor-element-1125df8 elementor-widget__width-inherit elementor-widget elementor-widget-heading\" data-id=\"1125df8\" data-element_type=\"widget\" data-widget_type=\"heading.default\">\n\t\t\t\t<div class=\"elementor-widget-container\">\n\t\t\t\t\t<h2 class=\"elementor-heading-title elementor-size-default\">Ou fa\u00e7a um PIX de qualquer valor:<\/h2>\t\t\t\t<\/div>\n\t\t\t\t<\/div>\n\t\t\t\t<div class=\"elementor-element elementor-element-10fe105 elementor-widget elementor-widget-image\" data-id=\"10fe105\" data-element_type=\"widget\" data-widget_type=\"image.default\">\n\t\t\t\t<div class=\"elementor-widget-container\">\n\t\t\t\t\t\t\t\t\t\t\t\t\t\t\t<img decoding=\"async\" src=\"https:\/\/doacoes.institutosantopet.org.br\/wp-content\/uploads\/elementor\/thumbs\/d6c25ef5-1382-4277-a698-799832c2981b-rfkw7pgo9a006gtiwkasvhsmqoj9hofbfmgtjrc8sm.jpg\" title=\"d6c25ef5-1382-4277-a698-799832c2981b\" alt=\"d6c25ef5-1382-4277-a698-799832c2981b\" loading=\"lazy\" \/>\t\t\t\t\t\t\t\t\t\t\t\t\t\t\t<\/div>\n\t\t\t\t<\/div>\n\t\t\t\t\t<\/div>\n\t\t\t\t<\/div>\n\t\t\t\t<\/div>\n\t\t","protected":false},"excerpt":{"rendered":"<p>Campanha Sacolinha de Natal dos Santinhos Fa\u00e7a sua doa\u00e7\u00e3o ao Instituto Santo Pet e nos ajude a manter o atendimento aos nossos santinhos Fazer minha doa\u00e7\u00e3o Carta aos amigos do Instituto Santo Pet 2025 foi, sem d\u00favida, o ano mais dif\u00edcil da nossa hist\u00f3ria. E n\u00e3o s\u00f3 pra gente\u2026 sabemos que o pa\u00eds inteiro passou [&hellip;]<\/p>\n","protected":false},"author":1,"featured_media":0,"parent":0,"menu_order":0,"comment_status":"closed","ping_status":"closed","template":"elementor_canvas","meta":{"footnotes":""},"class_list":["post-19","page","type-page","status-publish","hentry"],"_links":{"self":[{"href":"https:\/\/doacoes.institutosantopet.org.br\/index.php\/wp-json\/wp\/v2\/pages\/19","targetHints":{"allow":["GET"]}}],"collection":[{"href":"https:\/\/doacoes.institutosantopet.org.br\/index.php\/wp-json\/wp\/v2\/pages"}],"about":[{"href":"https:\/\/doacoes.institutosantopet.org.br\/index.php\/wp-json\/wp\/v2\/types\/page"}],"author":[{"embeddable":true,"href":"https:\/\/doacoes.institutosantopet.org.br\/index.php\/wp-json\/wp\/v2\/users\/1"}],"replies":[{"embeddable":true,"href":"https:\/\/doacoes.institutosantopet.org.br\/index.php\/wp-json\/wp\/v2\/comments?post=19"}],"version-history":[{"count":29,"href":"https:\/\/doacoes.institutosantopet.org.br\/index.php\/wp-json\/wp\/v2\/pages\/19\/revisions"}],"predecessor-version":[{"id":61,"href":"https:\/\/doacoes.institutosantopet.org.br\/index.php\/wp-json\/wp\/v2\/pages\/19\/revisions\/61"}],"wp:attachment":[{"href":"https:\/\/doacoes.institutosantopet.org.br\/index.php\/wp-json\/wp\/v2\/media?parent=19"}],"curies":[{"name":"wp","href":"https:\/\/api.w.org\/{rel}","templated":true}]}}